
What is the tens digit of 5050005063?
6
What is the thousands digit of 83720122?
0
What is the hundred millions digit of 704071319?
7
What is the tens digit of 13897363?
6
What is the millions digit of 112726672?
2
What is the millions digit of 304607999?
4
What is the hundreds digit of 34458484?
4
What is the millions digit of 319968525?
9
What is the thousands digit of 2371690881?
0
What is the units digit of 1607791103?
3
What is the millions digit of 125818708?
5
What is the hundred millions digit of 5350045898?
3
What is the hundred thousands digit of 61951502?
9
What is the millions digit of 278443138?
8
What is the ten millions digit of 4963063794?
6
What is the hundreds digit of 17603327?
3
What is the units digit of 1368753694?
4
What is the ten thousands digit of 618234281?
3
What is the millions digit of 1664432149?
4
What is the hundred millions digit of 145740858?
1
What is the hundred thousands digit of 15369387?
3
What is the hundred millions digit of 8057707571?
0
What is the hundreds digit of 7812645443?
4
What is the hundred thousands digit of 58169353?
1
What is the thousands digit of 23885318?
5
What is the hundred thousands digit of 94194492?
1
What is the thousands digit of 2796324791?
4
What is the ten millions digit of 427791154?
2
What is the millions digit of 473073617?
3
What is the units digit of 1160723862?
2
What is the ten thousands digit of 68668064?
6
What is the thousands digit of 30023477?
3
What is the millions digit of 53777495?
3
What is the tens digit of 299052649?
4
What is the hundreds digit of 13661328?
3
What is the units digit of 45601296?
6
What is the ten thousands digit of 75111818?
1
What is the hundred thousands digit of 315408071?
4
What is the ten thousands digit of 1259585560?
8
What is the thousands digit of 245512923?
2
What is the millions digit of 20773858?
0
What is the hundred thousands digit of 3302765328?
7
What is the hundred millions digit of 2023630619?
0
What is the ten thousands digit of 440285228?
8
What is the millions digit of 52698584?
2
What is the millions digit of 862561909?
2
What is the units digit of 45016422?
2
What is the millions digit of 854088881?
4
What is the ten thousands digit of 5501582274?
8
What is the tens digit of 3716568660?
6
What is the tens digit of 48500282?
8
What is the units digit of 104804597?
7
What is the tens digit of 374113994?
9
What is the hundreds digit of 916334661?
6
What is the millions digit of 2005894286?
5
What is the ten thousands digit of 81972740?
7
What is the hundred millions digit of 423526612?
4
What is the hundreds digit of 124715510?
5
What is the hundred thousands digit of 4498890880?
8
What is the hundred thousands digit of 1657712992?
7
What is the units digit of 280684693?
3
What is the ten millions digit of 60587695?
6
What is the hundred thousands digit of 147666400?
6
What is the millions digit of 22343025?
2
What is the hundred millions digit of 125403690?
1
What is the ten millions digit of 737939404?
3
What is the millions digit of 257975668?
7
What is the ten thousands digit of 152594389?
9
What is the ten millions digit of 3295550420?
9
What is the tens digit of 500119712?
1
What is the hundred thousands digit of 2471107571?
1
What is the hundreds digit of 31407540?
5
What is the thousands digit of 2284506127?
6
What is the hundred thousands digit of 2899012?
8
What is the ten millions digit of 205962687?
0
What is the millions digit of 76092866?
6
What is the hundreds digit of 235475427?
4
What is the ten thousands digit of 166321634?
2
What is the hundreds digit of 1336133468?
4
What is the ten millions digit of 398771219?
9
What is the thousands digit of 24899455?
9
What is the hundred millions digit of 1466285753?
4
What is the millions digit of 202502020?
2
What is the hundreds digit of 421034273?
2
What is the hundreds digit of 7394234666?
6
What is the ten millions digit of 61244504?
6
What is the hundreds digit of 377411707?
7
What is the hundreds digit of 56907324?
3
What is the hundred thousands digit of 155254997?
2
What is the ten millions digit of 5232321613?
3
What is the hundreds digit of 28174134?
1
What is the hundreds digit of 1456746732?
7
What is the hundreds digit of 662896990?
9
What is the hundred millions digit of 790423470?
7
What is the billions digit of 2154028258?
2
What is the tens digit of 110542133?
3
What is the ten thousands digit of 52566615?
6
What is the tens digit of 40854491?
9
What is the millions digit of 77746462?
7
What is the hundreds digit of 39905678?
6
What is the billions digit of 1339862813?
1
What is the millions digit of 212722133?
2
What is the hundred millions digit of 466728590?
4
What is the tens digit of 80750616?
1
What is the hundred thousands digit of 144155056?
1
What is the ten millions digit of 1720072468?
2
What is the hundred thousands digit of 64001270?
0
What is the tens digit of 453606491?
9
What is the ten millions digit of 1042097958?
4
What is the ten thousands digit of 117526355?
2
What is the thousands digit of 5033471098?
1
What is the millions digit of 35757393?
5
What is the tens digit of 357408832?
3
What is the thousands digit of 106162704?
2
What is the hundred thousands digit of 139799549?
7
What is the tens digit of 137017117?
1
What is the hundred millions digit of 1166739627?
1
What is the tens digit of 471342901?
0
What is the hundreds digit of 1500978039?
0
What is the hundred thousands digit of 1695278455?
2
What is the ten thousands digit of 94846180?
4
What is the thousands digit of 587297311?
7
What is the hundred thousands digit of 104272846?
2
What is the ten millions digit of 57253969?
5
What is the hundred thousands digit of 1835954596?
9
What is the millions digit of 1897288461?
7
What is the hundred millions digit of 103313527?
1
What is the hundred thousands digit of 15420770?
4
What is the units digit of 81401660?
0
What is the ten thousands digit of 128055955?
5
What is the hundreds digit of 407412163?
1
What is the millions digit of 14328146?
4
What is the thousands digit of 61268731?
8
What is the units digit of 454185284?
4
What is the thousands digit of 54915961?
5
What is the ten millions digit of 120977482?
2
What is the thousands digit of 227753026?
3
What is the hundreds digit of 508477896?
8
What is the units digit of 2902190657?
7
What is the thousands digit of 174012238?
2
What is the millions digit of 433953351?
3
What is the ten millions digit of 37386122?
3
What is the billions digit of 5052104821?
5
What is the thousands digit of 112806160?
6
What is the ten millions digit of 124469413?
2
What is the units digit of 3041707650?
0
What is the ten millions digit of 1204438014?
0
What is the ten millions digit of 47531245?
4
What is the tens digit of 4102015025?
2
What is the tens digit of 75372085?
8
What is the hundreds digit of 55459579?
5
What is the hundred thousands digit of 1149982632?
9
What is the millions digit of 2471402971?
1
What is the ten millions digit of 803392861?
0
What is the tens digit of 17597876?
7
What is the hundred millions digit of 756614232?
7
What is the ten thousands digit of 1813911415?
1
What is the ten millions digit of 76286872?
7
What is the ten thousands digit of 4885083?
8
What is the ten millions digit of 13856505?
1
What is the hundred thousands digit of 63007098?
0
What is the ten millions digit of 43965095?
4
What is the ten millions digit of 66075330?
6
What is the thousands digit of 118083181?
3
What is the units digit of 53550546?
6
What is the billions digit of 1375104616?
1
What is the millions digit of 29851562?
9
What is the units digit of 1588157258?
8
What is the millions digit of 174173621?
4
What is the hundreds digit of 508384584?
5
What is the millions digit of 197758871?
7
What is the millions digit of 435190979?
5
What is the units digit of 43531985?
5
What is the thousands digit of 40011485?
1
What is the ten millions digit of 201319974?
0
What is the tens digit of 1771282590?
9
What is the units digit of 693529145?
5
What is the millions digit of 56308701?
6
What is the hundred millions digit of 872275964?
8
What is the ten millions digit of 1208467302?
0
What is the tens digit of 92343100?
0
What is the hundreds digit of 69519360?
3
What is the 